{"version":"1.0","provider_name":"Leckere Rezepte","provider_url":"https:\/\/www.gzrecipes.com\/de","author_name":"mielefarinaefantasia","author_url":"https:\/\/www.gzrecipes.com\/de\/author\/mielefarinaefantasia\/","title":"Vegetarischer Getreide- und Gem\u00fcsesalat - Leckere Rezepte","type":"rich","width":600,"height":338,"html":"<blockquote class=\"wp-embedded-content\" data-secret=\"G455peBBvR\"><a href=\"https:\/\/www.gzrecipes.com\/de\/mielefarinaefantasia\/vegetarischer-getreide-und-gemuesesalat\/\">Vegetarischer Getreide- und Gem\u00fcsesalat<\/a><\/blockquote><iframe sandbox=\"allow-scripts\" security=\"restricted\" src=\"https:\/\/www.gzrecipes.com\/de\/mielefarinaefantasia\/vegetarischer-getreide-und-gemuesesalat\/embed\/#?secret=G455peBBvR\" width=\"600\" height=\"338\" title=\"&#8222;Vegetarischer Getreide- und Gem\u00fcsesalat&#8220; &#8212; Leckere Rezepte\" data-secret=\"G455peBBvR\" frameborder=\"0\" marginwidth=\"0\" marginheight=\"0\" scrolling=\"no\" class=\"wp-embedded-content\"><\/iframe><script>\n\/*! This file is auto-generated *\/\n!function(d,l){\"use strict\";l.querySelector&&d.addEventListener&&\"undefined\"!=typeof URL&&(d.wp=d.wp||{},d.wp.receiveEmbedMessage||(d.wp.receiveEmbedMessage=function(e){var t=e.data;if((t||t.secret||t.message||t.value)&&!\/[^a-zA-Z0-9]\/.test(t.secret)){for(var s,r,n,a=l.querySelectorAll('iframe[data-secret=\"'+t.secret+'\"]'),o=l.querySelectorAll('blockquote[data-secret=\"'+t.secret+'\"]'),c=new RegExp(\"^https?:$\",\"i\"),i=0;i<o.length;i++)o[i].style.display=\"none\";for(i=0;i<a.length;i++)s=a[i],e.source===s.contentWindow&&(s.removeAttribute(\"style\"),\"height\"===t.message?(1e3<(r=parseInt(t.value,10))?r=1e3:~~r<200&&(r=200),s.height=r):\"link\"===t.message&&(r=new URL(s.getAttribute(\"src\")),n=new URL(t.value),c.test(n.protocol))&&n.host===r.host&&l.activeElement===s&&(d.top.location.href=t.value))}},d.addEventListener(\"message\",d.wp.receiveEmbedMessage,!1),l.addEventListener(\"DOMContentLoaded\",function(){for(var e,t,s=l.querySelectorAll(\"iframe.wp-embedded-content\"),r=0;r<s.length;r++)(t=(e=s[r]).getAttribute(\"data-secret\"))||(t=Math.random().toString(36).substring(2,12),e.src+=\"#?secret=\"+t,e.setAttribute(\"data-secret\",t)),e.contentWindow.postMessage({message:\"ready\",secret:t},\"*\")},!1)))}(window,document);\n<\/script>\n","thumbnail_url":"https:\/\/www.gzrecipes.com\/content\/uploads\/sites\/3\/2025\/10\/salat-emmer-3-1684493131357.jpg","thumbnail_width":1200,"thumbnail_height":796,"description":"Frisch und vielseitig, je nach Bedarf und Geschmack anpassbar \u2013 ich spreche von diesem reichhaltigen und schmackhaften Salat aus Getreide (Dinkel, Gerste, Reis usw.) und saisonalem Gem\u00fcse. Salate geh\u00f6ren zu den idealen Sommergerichten, weil sie als Hauptgericht dienen k\u00f6nnen, gut im Voraus zubereitet werden und kalt zu Hause, bei der Arbeit oder in der Freizeit genossen werden k\u00f6nnen [...]"}

Vegetarischer Getreide- und Gemüsesalat - Leckere Rezepte

<blockquote class="wp-embedded-content" data-secret="G455peBBvR"><a href="https://www.gzrecipes.com/de/mielefarinaefantasia/vegetarischer-getreide-und-gemuesesalat/">Vegetarischer Getreide- und Gemüsesalat</a></blockquote><iframe sandbox="allow-scripts" security="restricted" src="https://www.gzrecipes.com/de/mielefarinaefantasia/vegetarischer-getreide-und-gemuesesalat/embed/#?secret=G455peBBvR" width="600" height="338" title="&#8222;Vegetarischer Getreide- und Gemüsesalat&#8220; &#8212; Leckere Rezepte" data-secret="G455peBBvR" frameborder="0" marginwidth="0" marginheight="0" scrolling="no" class="wp-embedded-content"></iframe><script>
/*! This file is auto-generated */
!function(d,l){"use strict";l.querySelector&&d.addEventListener&&"undefined"!=typeof URL&&(d.wp=d.wp||{},d.wp.receiveEmbedMessage||(d.wp.receiveEmbedMessage=function(e){var t=e.data;if((t||t.secret||t.message||t.value)&&!/[^a-zA-Z0-9]/.test(t.secret)){for(var s,r,n,a=l.querySelectorAll('iframe[data-secret="'+t.secret+'"]'),o=l.querySelectorAll('blockquote[data-secret="'+t.secret+'"]'),c=new RegExp("^https?:$","i"),i=0;i<o.length;i++)o[i].style.display="none";for(i=0;i<a.length;i++)s=a[i],e.source===s.contentWindow&&(s.removeAttribute("style"),"height"===t.message?(1e3<(r=parseInt(t.value,10))?r=1e3:~~r<200&&(r=200),s.height=r):"link"===t.message&&(r=new URL(s.getAttribute("src")),n=new URL(t.value),c.test(n.protocol))&&n.host===r.host&&l.activeElement===s&&(d.top.location.href=t.value))}},d.addEventListener("message",d.wp.receiveEmbedMessage,!1),l.addEventListener("DOMContentLoaded",function(){for(var e,t,s=l.querySelectorAll("iframe.wp-embedded-content"),r=0;r<s.length;r++)(t=(e=s[r]).getAttribute("data-secret"))||(t=Math.random().toString(36).substring(2,12),e.src+="#?secret="+t,e.setAttribute("data-secret",t)),e.contentWindow.postMessage({message:"ready",secret:t},"*")},!1)))}(window,document);
</script>

Frisch und vielseitig, je nach Bedarf und Geschmack anpassbar – ich spreche von diesem reichhaltigen und schmackhaften Salat aus Getreide (Dinkel, Gerste, Reis usw.) und saisonalem Gemüse. Salate gehören zu den idealen Sommergerichten, weil sie als Hauptgericht dienen können, gut im Voraus zubereitet werden und kalt zu Hause, bei der Arbeit oder in der Freizeit genossen werden können [...]
